1 + 10100?
-111011
In base 13, what is -aa + -5?
-b2
In base 5, what is -4 - -4032?
4023
In base 13, what is 0 + 4?
4
In base 7, what is 14 + 4?
21
In base 6, what is -3 - 23132?
-23135
In base 13, what is 14a - 9?
141
In base 4, what is -3 - -10110?
10101
In base 4, what is 111 - 231?
-120
In base 11, what is 31 + 96?
117
In base 8, what is 0 + 40?
40
In base 9, what is 36 + -31?
5
In base 3, what is -111201 + 1?
-111200
In base 11, what is 1a239 + -2?
1a237
In base 9, what is 3 - -1580?
1583
In base 15, what is 2b - 3b?
-10
In base 2, what is -11 - -11001?
10110
In base 9, what is -5 + -438?
-444
In base 2, what is -110 - 1001001111111?
-1001010000101
In base 10, what is 41 - 7?
34
In base 3, what is -2 + -2110?
-2112
In base 5, what is -24 + 104?
30
In base 14, what is -29 - 188?
-1b3
In base 4, what is 3011131 - -1?
3011132
In base 9, what is 23 - 5?
17
In base 12, what is -437 + 4?
-433
In base 15, what is -48 + 3?
-45
In base 11, what is 10 - -4?
14
In base 6, what is -154 + 20?
-134
In base 5, what is 43 - -2?
100
In base 2, what is 0 - -101101?
101101
In base 9, what is -36 - -18?
-17
In base 8, what is -2 + 327?
325
In base 4, what is 2 - 2022?
-2020
In base 9, what is -4 + 435?
431
In base 9, what is 0 - -18?
18
In base 7, what is -235 + -2?
-240
In base 10, what is -2783 - 5?
-2788
In base 3, what is -10001001 - 12?
-10001020
In base 6, what is -3 + -2530?
-2533
In base 9, what is 87 + -6?
81
In base 13, what is 5 + 299?
2a1
In base 14, what is -174 + 4?
-170
In base 16, what is 11a1 - -1?
11a2
In base 15, what is -87 + -4?
-8b
In base 15, what is 3 + 542?
545
In base 9, what is -1736 - -3?
-1733
In base 16, what is -5c - -6?
-56
In base 4, what is 100321 - -2?
100323
In base 4, what is -12120 - -130?
-11330
In base 3, what is 2 + 1112002?
1112011
In base 8, what is -4 - 40?
-44
In base 8, what is 117 + -6?
111
In base 16, what is -11 - d?
-1e
In base 4, what is 222 - 121?
101
In base 7, what is -24 + 24?
0
In base 4, what is 1210 + 102?
1312
In base 4, what is 201 + 11?
212
In base 9, what is 283 - 0?
283
In base 14, what is c + -c?
0
In base 7, what is 1 - -311?
312
In base 13, what is -1 - -28?
27
In base 15, what is c - 14?
-7
In base 11, what is -42 - 72?
-104
In base 13, what is -3 - 331?
-334
In base 15, what is -32 - 51?
-83
In base 3, what is -1 + 110211?
110210
In base 16, what is 6d + -2?
6b
In base 8, what is -1315 - -34?
-1261
In base 16, what is a4 - -2?
a6
In base 5, what is -202334 + -3?
-202342
In base 4, what is -2 - 0?
-2
In base 16, what is 4 + d6?
da
In base 13, what is 11 - b2?
-a1
In base 9, what is 1 - 388?
-387
In base 7, what is -36 + 16?
-20
In base 16, what is -5 + 1559?
1554
In base 13, what is 14900 - -1?
14901
In base 6, what is 31505 - -3?
31512
In base 16, what is 2f + 1f?
4e
In base 13, what is -231 - 1?
-232
In base 13, what is 49 + -b?
3b
In base 15, what is -6 + -e?
-15
In base 5, what is -1133 + -10?
-1143
In base 14, what is 24dc + -3?
24d9
In base 6, what is -20201 + -2?
-20203
In base 16, what is 3e - -a?
48
In base 10, what is 52665 + 0?
52665
In base 16, what is -1 + -8e?
-8f
In base 15, what is 3 - 373?
-370
In base 4, what is -1033 + 110?
-323
In base 9, what is -5103 - 5?
-5108
In base 14, what is 727d + -4?
7279
In base 5, what is -12 + -11?
-23
In base 10, what is -4 - 1147?
-1151
In base 15, what is 99 - -5?
9e
In base 7, what is 3 - -4226?
4232
In base 7, what is 21330 - -1?
21331
In base 13, what is 534 + -5?
52c
In base 5, what is 14 - 1341?
-1322
In base 16, what is 36e - -3?
371
In base 2, what is 100000001 - 0?
100000001
In base 6, what is 24 + 54?
122
In base 5, what is 1 + 121030?
121031
In base 4, what is 202 + -2?
200
In base 5, what is 14 + -14?
0
In base 10, what is 1 + 365?
366
In base 7, what is -252 + 1?
-251
In base 6, what is 312 + 0?
312
In base 3, what is -2011021 - 10?
-2011101
In base 4, what is -3 + -1220?
-1223
In base 13, what is -12 - 244?
-256
In base 10, what is -1573 + -2?
-1575
In base 16, what is 8f - 5?
8a
In base 8, what is -7 + -1042?
-1051
In base 4, what is 2320 + 3?
2323
In base 10, what is 154 + -3?
151
In base 4, what is -1 - 323?
-330
In base 10, what is -1 + 65?
64
In base 15, what is -1 - -b?
a
In base 6, what is 22 + 1414?
1440
In base 2, what is -1001 + 101111111?
101110110
In base 11, what is -4 + -15?
-19
In base 9, what is 136 + 4?
141
In base 15, what is 85 - 11?
74
In base 16, what is -3 + 4?
1
In base 16, what is -5 - -2d?
28
In base 13, what is 3 - -6c7?
6ca
In base 2, what is 10101 - 1?
10100
In base 7, what is -1050 - 15?
-1065
In base 5, what is 4 - -101?
110
In base 2, what is 101 + 1100110?
1101011
In base 16, what is 4 + 51?
55
In base 9, what is 341 + 6?
347
In base 7, what is -163 - 4?
-200
In base 4, what is -313133 + -1?
-313200
In base 16, what is -4 - -ca8?
ca4
In base 16, what is 138 + 3?
13b
In base 9, what is 27871 + 4?
27875
In base 2, what is 100 - 1111?
-1011
In base 11, what is -1 - 105?
-106
In base 2, what is 100001 - -110?
100111
In base 11, what is 2 - -20a?
211
In base 7, what is 1 - 26?
-25
In base 8, what is -3334 - 3?
-3337
In base 4, what is -22 - 1213?
-1301
In base 5, what is 424 + 1?
430
In base 2, what is 10100000001011 - 11?
10100000001000
In base 7, what is -526 + -143?
-1002
In base 5, what is -2304 - 0?
-2304
In base 3, what is 12 - 1001002?
-1000220
In base 11, what is -3 + -497?
-49a
In base 7, what is -354 - 1?
-355
In base 5, what is 4 - -1024?
1033
In base 3, what is -11 - -12000?
11212
In base 12, what is 54 + 4?
58
In base 6, what is 14 - 0?
14
In base 14, what is 2b + -13?
18
In base 2, what is 1 + -11000?
-10111
In base 13, what is -4 - 109?
-110
In base 4, what is 112 + 230?
1002
In base 10, what is -1225 + 4?
-1221
In base 4, what is 11123233 + 1?
11123300
In base 2, what is 1 + -100100?
-100011
In base 5, what is 10 - -3431?
3441
In base 9, what is 1 + 7247?
7248
In base 16, what is 4 + -835?
-831
In base 16, what is 2 - -631?
633
In base 2, what is 1111100 - -100?
10000000
In base 4, what is -12132 + 33?
-12033
In base 10, what is -472 - 6?
-478
In base 12, what is -106 - 2?
-108
In base 9, what is 3 + -4160?
-4156
In base 7, what is -35350 + 5?
-35342
In base 14, what is 4 - -c?
12
In base 12, what is -1306 - -5?
-1301
In base 13, what is -c812 + -5?
-c817
In base 11, what is -5 - 343?
-348
In base 7, what is 1 + 120?
121
In base 2, what is 1010010 + -101?
1001101
In base 3, what is -10 + -11122202?
-11122212
In base 7, what is -35 + 10?
-25
In base 12, what is 3414 + -5?
340b
In base 9, what is 44 + 4?
48
In base 2, what is -10 - 11110011000?
-11110011010
In base 2, what is 100 + -1100101?
-1100001
In base 7, what is -2 - 22?
-24
In base 8, what is -3 + -66?
-71
In base 9, what is 4 + -520?
-515
In base 11, what is -2 - 336?
-338
In base 14, what is 2 + 1991?
1993
In base 16, what is 2f4 - -2?
2f6
In base 13, what is -2b1a - -2?
-2b18
In base 10, what is -1 - -323?
322
In base 15, what is e2 + 4?
e6
In base 16, what is -2fc - -2?
-2fa
In base 11, what is 0 + 22?
22
In base 12, what is 6 - 78?
-72
In base 2, what is 101 - 111011010?
-111010101
In base 10, what is -370 - -51?
-319
In base 4, what is -2133 - -2?
-2131
In base 10, what is 3 - -264?
267
In base 15, what is -1a7 + -5?
-1ac
In base 8, what is 223 + -32?
171
In base 2, what is -1110 - -1010101100?
1010011110
In base 7, what is 631 - 66?
532
In base 16, what is -16f - 3?
-172
In base 2, what is -101 - 101101001?
-101101110
In base 9, what is 0 + -371?
-371
In base 7, what is 20 + -2136?
-2116
In base 13, what is 96 - 42?
54
In base 11, what is -4 + -496?
-49a
In base 2, what is -110110111011 - -100?
-110110110111
In base 8, what is -74 - -541?
445
In base 4, what is 2 + -1030?
-1022
In base 16, what is f + 13c?
14b
In base 15, what is 2 + -1b?
-19
In base 4, what is -1120 - -3033?
1313
In base 15, what is 27 - 5?
22
In base 14, what is -178 + -1?
-179
In base 5, what is -10 + -4130?
-4140
In base 14, what is 1 - 3dd?
-3dc
In base 9, what is 2761 + -4?
2756
In base 8, what is -1775 + -4?
-2001
In base 8, what is -64 - 204?
-270
In base 6, what is -2 - 1?
-3
In base 16, what is -2c - -77?
4b
In base 2, what is -101 - 101110001?
-101110110
In base 16, what is -5 - -6e?
69
In base 9, what is 13 + -2?
11
In base 2, what is 11 -